 o be (0 - 2/6)*-15. What is the remainder when g(3) is divided by w(o)?
9
Let x(t) = t**3 + 3*t**2 - 11*t - 6. Calculate the remainder when x(-4) is divided by 13.
9
Suppose -2*y = -293 + 69. What is the remainder when y is divided by 23?
20
Calculate the remainder when 9 is divided by 21/(6/2) + (-3)/3.
3
Let d = 55 - 29. What is the remainder when 49 is divided by d?
23
Suppose q - 1 = 0, 17 = 5*h - 3*q + 5. Calculate the remainder when h is divided by 2.
1
Let u(q) = -4*q + 1. Suppose i = -i + 3*w + 5, -4*w = -2*i + 4. Suppose 0 = i*h - 2*h + 8, 4*s + 3*h = 44. Calculate the remainder when s is divided by u(-1).
4
Let v = 9 + -9. Suppose v = 5*f - 24 - 266. Calculate the remainder when f is divided by 15.
13
Let v = 23 - 6. Suppose 18 = 2*p + 4. Let s = 2 + p. Calculate the remainder when v is divided by s.
8
Let q(m) = -m**3 + 8*m**2 + 6*m + 5. Let f be q(9). Let n = f - -43. What is the remainder when 40 is divided by n?
19
What is the remainder when (-150)/(-8) + 1/4 is divided by 11?
8
Let l = 13 + -23. Let s(a) = a**3 + 11*a**2 + 11*a + 11. Calculate the remainder when 0 + 1 + (2 - 1) is divided by s(l).
0
Let k be ((-2)/(-5))/((-7)/(-105)). Suppose -n = -k*n + 20. Suppose n*d - 9 - 11 = 0. What is the remainder when 8 is divided by d?
3
Let b be (-18)/12*4/(-6). Calculate the remainder when 25 is divided by 28*(b - 3/6).
11
Suppose -2*f + 66 = 4*a + 12, 3*f = 15. Let t be (57/(-6))/(-1)*8. What is the remainder when a is divided by t/18 + (-2)/9?
3
Suppose 120 = 4*v + 2*d + d, -2*d + 150 = 5*v. Calculate the remainder when v is divided by 87/6 - 9/(-6).
14
Let r(d) = d**2 + 2*d - 3. What is the remainder when 127 is divided by r(-7)?
31
Let f(q) be the second derivative of -q**4/12 - 2*q**3/3 + 2*q**2 + 2*q. Let g = -1 + 4. Calculate the remainder when f(-3) is divided by g.
1
Suppose -2*c - c = 5*b + 31, -4*c - 23 = 3*b. Let r be (-1 - 0)*c/1. Calculate the remainder when 35 is divided by r/(-8) + 147/12.
11
Suppose 2*d = 3*f + 2*f - 86, 57 = 3*f - 3*d. Let o = 3 + -3. Suppose 4*m + 3*p = 196, m - 2*p - 44 + 6 = o. Calculate the remainder when m is divided by f.
14
What is the remainder when (77/2)/(6/12) is divided by 20?
17
Let r be -4 + 0 + 1 + 270. Suppose 0 = 2*a + 5*h - 139 + 8, 5*h - r = -4*a. What is the remainder when a is divided by 14?
12
Let v = 80 - 62. What is the remainder when 85 is divided by v?
13
Let h = -8 - -10. Suppose -44 = -6*u + 2*u + 4*l, 23 = 2*u - 3*l. Calculate the remainder when u is divided by 1/((-6)/h)*-18.
4
Suppose 5*x + 260 = 5*z, -10*x + 5 = -11*x. Calculate the remainder when z is divided by 17.
13
Let j(f) = -f**3 - 9*f**2 - 2*f - 13. Let d(p) = -2*p + 9. Let o be d(9). Calculate the remainder when 18 is divided by j(o).
3
Suppose -5*b = -5 - 10. What is the remainder when 41 is divided by (15/(-12) + b)*8?
13
Let s be 16/12 + (-14)/6. Calculate the remainder when (s + 1)/3 + 14 is divided by 4.
2
Suppose 4*h = 2*h. Suppose h = -m - 2*n + 27, -4*n - 1 = 4*m - 121. What is the remainder when 64 is divided by m?
31
Suppose 6*u - 315 = u. Let j = 29 - 7. Calculate the remainder when u is divided by j.
19
Let w(l) = -l**2 + 11*l - 11. Calculate the remainder when w(8) is divided by 7.
6
Suppose s - 2 = 0, b - 4*s = 28 - 1. Let n be (1 + 130/14)*7. Let v = n - b. What is the remainder when v is divided by 19?
18
Let c be 1/(-1 - (-12)/15). Let b = 4 + c. Calculate the remainder when (-45)/((-1)/(-1)*b) is divided by 12.
9
Suppose -9*a + 385 = -4*a. Suppose -2*g + 3*h - 35 = -94, -3*h + a = 2*g. Suppose -5*d + 21 + 39 = 0. What is the remainder when g is divided by d?
10
Let d(l) = -l**2 - 4*l - 2. Let j(y) = y**3 + 7*y**2 + 2*y + 10. Let h be j(-7). Let a be d(h). Let f = a - -7. Calculate the remainder when 9 is divided by f.
4
Let b(l) = -44*l - 1. Let o be (1/(-2))/(2/(-164)). Let k = -26 + o. What is the remainder when b(-1) is divided by k?
13
Suppose -108 = -0*x + 4*x. Calculate the remainder when (x/6)/(18/(-24)) is divided by 2.
0
Suppose 0 = -2*n + 4, -2*l + 7 = -l + 2*n. Suppose -5*d + 5 - 30 = 0. Let r = 10 + d. What is the remainder when r is divided by l?
2
Suppose -2*o + 6*o = 24. Let u = o - -2. What is the remainder when 14 is divided by u?
6
Let c(p) = 3*p**2 - 1. What is the remainder when 43 is divided by c(2)?
10
Suppose 5*i + 4 = 6*i. Suppose i*p - 82 - 18 = 0. What is the remainder when p is divided by 14?
11
Suppose 0 = -3*y + 6, -3*l + 2*y + 12 = 4. Calculate the remainder when l is divided by 3.
1
Let a(u) = -2*u + 1. Let h = 12 - 7. Let c be (2 - h)*(5 - 2). What is the remainder when 36 is divided by a(c)?
17
Let x = 8 - 0. What is the remainder when 21 is divided by x?
5
Suppose -44 = -3*i + 13. What is the remainder when 33/(-4)*(-500)/75 is divided by i?
17
Let z(x) = -1 - x**3 - 3*x**2 + x**2 + 5*x**2. Let c = 9 - 7. What is the remainder when 4 is divided by z(c)?
1
Suppose 8 = -2*b, 5*d - 16 = b + 83. What is the remainder when d is divided by 5?
4
Let o(u) = 3*u - 1. Let j be o(3). Let x(k) = 3*k - 9. Suppose -3*d = -2*d - 8. What is the remainder when x(j) is divided by d?
7
Let w(v) = v - 2. Let f be w(4). Suppose 3*o - 4*o = h - 1, f*o = 5*h + 37. What is the remainder when 10 is divided by o?
4
Suppose 0 = 49*p - 45*p - 52. What is the remainder when 50 is divided by p?
11
Let k(m) = 18*m + 1. What is the remainder when k(1) is divided by (-26)/(-2) + -1 - 2?
9
What is the remainder when 88 is divided by 3/6*(-4 - (-2 + -32))?
13
Suppose 2*y - 45 = -3*y. What is the remainder when 25 is divided by y?
7
Let k(b) = -b**2 + 0*b**2 + 2 + 6 + 6*b - 2*b. Suppose 5*r - 2*x = 13, -3*r - r + x = -11. What is the remainder when k(4) is divided by r?
2
Let v = 2 - 2. Suppose -3*p - 15 = v, 5*k = 3*p + 2*p - 45. Calculate the remainder when 20 is divided by (k/6)/((-5)/15).
6
Suppose -18 = 5*u - 7*u. Calculate the remainder when 41 is divided by u.
5
Let v(o) = -2*o**3 - 4*o**2 - 7*o - 3. Suppose -5*t = -0*b + 2*b - 30, 3*t = 5*b + 18. What is the remainder when v(-2) is divided by t?
5
Let g(r) be the first derivative of r**3/3 + r**2/2 - 3*r + 2. Let v be 4/(-14) + (-38)/14. What is the remainder when 8 is divided by g(v)?
2
Suppose -5*i - 190 = -5*f, 27 = f - 3*i - 15. Calculate the remainder when f is divided by 13.
10
Let f = 0 - -3. What is the remainder when f is divided by (-6)/(-15)*1/((-2)/(-10))?
1
Suppose 4*d = -d + 25. Let g(z) = 9*z - 4. What is the remainder when g(d) is divided by 14?
13
Suppose 0 = 3*q - 6*c + 9*c + 3, 4 = -2*c. Calculate the remainder when 12 is divided by q.
0
Suppose -2*c = -6*c + k + 107, 5*k + 31 = 2*c. Let y = -7 + c. What is the remainder when y is divided by 6?
3
Suppose -8*v + 5*v + 88 = -2*a, 4*v - 122 = 5*a. Calculate the remainder when v is divided by 10.
8
What is the remainder when 58 is divided by 3/12*62*(-3 + 5)?
27
Let z be ((-57)/(-6) - 1)*2. Suppose -4*h - 1 = 3, z = 3*x - 5*h. What is the remainder when 4 is divided by x?
0
Suppose -85 = -5*u - 30. Calculate the remainder when 41 is divided by u.
8
Suppose 0 = g + 2*v, 4 = -5*g + v + 15. Suppose 28 + 10 = g*k. Calculate the remainder when 35 is divided by k.
16
Suppose -4*k - 2*x + 126 + 12 = 0, -2*k = -2*x - 54. Suppose 1 + 2 = 3*w. Let m = w + 10. What is the remainder when k is divided by m?
10
Let a(r) = -r**3 - r**2 - r. Let b(i) = -4*i**3 - 9*i**2 - 13*i + 6. Let h(c) = 5*a(c) - b(c). Calculate the remainder when -4 + (4 + -3)*21 is divided by h(5).
8
Suppose -4*b + 2*c + 2*c = -124, 2*b + c = 53. Suppose 15 = 4*i - 1. Suppose -i*v + 7 = y - 8, 3*v = -3*y + 45. What is the remainder when b is divided by y?
13
Let b(y) = -y + 3. Let o = 2 + -2. Let z = o + -6. What is the remainder when 16 is divided by b(z)?
7
Let r = -2 + 23. Suppose -2 = -o, 60 = a - 0*a - o. Calculate the remainder when a is divided by r.
20
Suppose 4*y = 3*k + 189, -5*y = -3*k + 118 - 352. Calculate the remainder when y is divided by 16.
13
Calculate the remainder when (10 - -68) + (1 - 5) is divided by 38.
36
Suppose 0 = -2*h + 5*h - b - 160, -3*h - 4*b + 185 = 0. Suppose -6*o + h = -o. What is the remainder when 30 is divided by o?
8
Suppose k - 4*d - 146 = 0, -k + 46 + 104 = -5*d. Calculate the remainder when k is divided by 44.
42
Suppose 0 = -4*c + t + 6, 5*c + 5*t = c + 18. Suppose 